Let a = -2 + g. List the prime factors of a.
3
Let t(q) = q + 1. Let i be t(1). Suppose b = -3*o + 8*o - 73, i*o - 4*b = 22. What are the prime factors of o?
3, 5
Let f = 16 - -2. Let q = 29 - f. What are the prime factors of q?
11
What are the prime factors of 114/(-24)*(-1 - 19)?
5, 19
Let m(c) be the first derivative of -3*c**4 + c**3/3 - c - 3. What are the prime factors of m(-1)?
2, 3
Let j = -5 - -15. Suppose -j = f - 26. What are the prime factors of f?
2
Let g = 192 + -87. What are the prime factors of g?
3, 5, 7
What are the prime factors of ((-1170)/(-5))/(-6*(-1)/4)?
2, 3, 13
Suppose 0 = b - 6*b. Let x = 19 - b. Suppose 4 = -4*f + 5*z + x, -2*f - 4*z = -40. List the prime factors of f.
2, 5
Suppose 17*v - 16*v - 68 = 0. List the prime factors of v.
2, 17
List the prime factors of -18*9/(-6) + -4.
23
Let x(k) = 7*k + 7. Let h be x(5). Suppose d - 23 = -2*j + h, 2*j + 4*d = 56. What are the prime factors of j?
2, 17
What are the prime factors of (13 + -3)*(-4)/(-5)?
2
Let n = 19 - -58. List the prime factors of n.
7, 11
Let y be 4 + 1/((-3)/(-33)). Let k be 226/10 + (-4)/(-10). Let u = k - y. What are the prime factors of u?
2
Let w(t) = t**3 + 4*t**2 + t - 2. Let u be w(-2). Suppose 0*f - 4*f + u*b + 112 = 0, -112 = -4*f - b. List the prime factors of f.
2, 7
Let p(o) = -2*o**2 - 11*o - 2. Let y be p(-5). Suppose 5*z + 18 = q, -5*q = y*z - 55 - 91. What are the prime factors of q?
2, 7
Suppose -5*d - 12 = -2*t + 35, 1 = t + 5*d. Suppose 5*n = -2*u + t, 3*u + 1 = -0*u + 5*n. What are the prime factors of 1 + u + -3 - -11?
2, 3
Let m = -14 - -10. List the prime factors of (-4 + 21)/(m/(-8)).
2, 17
Let z(n) = n**2 - n - 8. Let m be z(-7). Let u = 79 - m. Suppose a = -2*d + 13, -5*a + a - d = -u. List the prime factors of a.
7
Let u(q) be the third derivative of -q**2 + 1/24*q**4 + 0*q**5 + 7/6*q**3 - 1/120*q**6 + 0*q + 0. What are the prime factors of u(0)?
7
Let w(k) be the third derivative of k**5/60 + k**4/24 + 3*k**3/2 - 6*k**2. What are the prime factors of w(-5)?
29
Suppose f + 53 = 264. Suppose -37 = 3*n - f. List the prime factors of n.
2, 29
Suppose -d - 12 = -5*d. Suppose 0 = -d*f - f - 52. Let n = 25 + f. List the prime factors of n.
2, 3
Suppose 5*x = -a + 119, 3*a + a - 381 = -x. List the prime factors of a.
2, 47
Suppose -199 + 34 = -5*a. List the prime factors of a.
3, 11
List the prime factors of ((-685)/(-10))/(((-3)/6)/(-1)).
137
Let s be 1 - (-1 + 0 + -1). Let w(g) = -g**s + g**2 - 4*g + 6*g + 2 - 3*g**2. What are the prime factors of w(-3)?
5
Let t = 216 + -93. List the prime factors of t.
3, 41
Let c(b) = -b**2 + 6*b - 4. Let k be c(4). Suppose -3*v = -k*o - 0*v + 599, -3*o + 450 = -2*v. What are the prime factors of ((-1)/2)/((-4)/o)?
19
Suppose -f - 114 = -4*f. What are the prime factors of f?
2, 19
List the prime factors of -4 + 336/(1 - -2).
2, 3
Let a = -7 - -9. Suppose -a*y - y = -27. What are the prime factors of y?
3
Let u = 6 - 2. Let h = 15 + u. What are the prime factors of h?
19
Let b be 0*2/(-6)*1. Suppose 2*y = -2*c - b*y + 12, -2*y = -5*c + 37. What are the prime factors of c?
7
Suppose i = -2*i + 42. Suppose 0 = 4*t - i - 6. Suppose t*h = 2*h + 24. List the prime factors of h.
2
Let j(z) = z**3 + 4*z**2 - 2*z + 2. Let f be j(-5). Let t = -8 - -1. Let p = t - f. What are the prime factors of p?
2, 3
List the prime factors of (-15)/10 - 147/(-2).
2, 3
Let f = -11 + 14. Suppose 6*v - 6 = f*v, 5*v = j - 1. List the prime factors of j.
11
Suppose 4*k = -4, 3*k + 277 = -2*p - 2*k. Let d be 2/7 + p/(-14). Let v = d - -8. What are the prime factors of v?
2, 3
Let n(r) = 8*r + 7. Let q be n(-3). Let w(j) = -j**3 - 16*j**2 + 15*j - 22. What are the prime factors of w(q)?
2, 3
Suppose 3*c + 22 = 5*l, -5*c - 8 = -5*l + 22. Suppose 5*x + z - 4 = 0, 3*x - l*x = 4*z + 5. Suppose -x + 29 = 4*k. List the prime factors of k.
7
Suppose -29 = 3*h - 74. List the prime factors of (h/6 + -3)*-22.
11
Suppose 0 = -6*w + 92 + 184. What are the prime factors of w?
2, 23
Suppose -z = 4*y - 1, 0*y - 17 = -2*y + 5*z. Let g(d) = -2*d**3 - 2*d**2 - 2*d + 1. Let h be g(-2). Suppose -h = -4*u - y. What are the prime factors of u?
3
Let c(l) be the third derivative of -l**5/30 - l**4/6 + l**3/6 + 2*l**2. Let o be c(-3). List the prime factors of (-1 - o)/(1 - -1).
2
Let z(r) = 4 - 2 + 0 - r + 0*r. Let l(x) = -2*x + 3. Let i be l(4). What are the prime factors of z(i)?
7
Suppose 0 = -4*o - 4, 3*u - 5*u + 5 = o. Suppose 2*y - 75 = -u*y. Suppose t + 4*t - y = 0, 32 = 4*l - 4*t. List the prime factors of l.
11
Let h = -113 + 200. What are the prime factors of h?
3, 29
Suppose 0 = -5*f - q - 35, 3*f - 4*q + 12 = -9. List the prime factors of -2 - 0/(-3) - f.
5
What are the prime factors of 338*(5/(-10) - -1)?
13
Let p = 7 + -8. List the prime factors of 22/2 + (-2)/p.
13
List the prime factors of (-9)/18 + (-70)/(-4).
17
Let w(z) = 2*z**2 - 9*z + 8. Suppose -3*j = -2*n - 8*j - 1, j = 5*n - 38. List the prime factors of w(n).
43
Let r = 5 + -12. Let a = 7 + r. Suppose -3*m = -5*v + 19 - 1, a = v + 4*m - 22. List the prime factors of v.
2, 3
Suppose -10 = -p - 4*p. Suppose -12 = a + u, 0*a - 3*a - p*u - 39 = 0. Let z = -6 - a. What are the prime factors of z?
3
Let d be 13/(-3) - 2/(-6). Let b be 2 - d/(6/(-3)). Suppose 2*s + 82 = 5*n - b*n, -s - 68 = -4*n. What are the prime factors of n?
2, 3
Let d(z) = -5*z + 2*z - 2 + 4*z + z - z**3 + 4*z**2. What are the prime factors of d(3)?
13
Suppose 0 = 5*q - 0 - 5. Let x(p) = 7*p. Let v be x(q). Let f = 21 - v. What are the prime factors of f?
2, 7
Suppose 0 = 2*l - 3*l + 2. Suppose b = -6 + l. What are the prime factors of (6 + -1)/(b + 5)?
5
Suppose -4*j + 0*j + 16 = 0, -4*j - 62 = -q. List the prime factors of q.
2, 3, 13
Suppose q - 6 = -0. Suppose -c + q = 19. Let m = -8 - c. What are the prime factors of m?
5
Let j(h) = h + 1. Let y be j(-3). Let m(o) = -5*o + 2. List the prime factors of m(y).
2, 3
Let v = 68 - -12. List the prime factors of v.
2, 5
What are the prime factors of 1/(-3) - 28/(-12)?
2
Let o be (6/4)/((-3)/(-140)). Suppose 0 = -5*p + 3*p + o. Suppose 52 = 3*l + 4*w, 0 = -4*l - w + 17 + p. What are the prime factors of l?
2, 3
Let l(b) = b**3 + 17*b**2 - b - 16. Let x be l(-17). Let n be ((-1)/2)/(1/4). Let c = x - n. What are the prime factors of c?
3
Suppose 6 = 6*y - 4*y. Let l = -16 + 34. Suppose y*a - l = a. List the prime factors of a.
3
What are the prime factors of 110/6 + 2/(-6)?
2, 3
Let n = -9 + 19. What are the prime factors of n?
2, 5
Suppose 0*o = -o + 99. List the prime factors of (o/12)/((-6)/(-16)).
2, 11
What are the prime factors of (-30 + 1 + -1)*-1?
2, 3, 5
Let h be (-2)/(-2) - (-39)/(-3). Let r = h - -20. List the prime factors of r.
2
Suppose -6 = x + 2. Let z = -8 - x. Suppose -6*v + 7*v - 10 = z. List the prime factors of v.
2, 5
Let f = 61 + -36. List the prime factors of f.
5
Suppose 4*r - 57 - 7 = 0. Let c = r - -26. Suppose -4*j + 5*z + 55 = 0, 5*j = -4*z - 4 + c. List the prime factors of j.
2, 5
Suppose 5 = 5*w - 10. Let u be 2/(-4) + 2/4. Suppose u*i + w*i = 30. What are the prime factors of i?
2, 5
Let c be (-296)/(-40) - 2/5. Let a = 17 - c. What are the prime factors of a?
2, 5
Let p = 1 + 1. List the prime factors of (1/p)/(1/20).
2, 5
Suppose 3*g - 3 - 3 = 3*r, -2*r - 4*g = -20. Let p be (-9)/r*(-12)/9. Let l = 13 - p. What are the prime factors of l?
7
Let x be 6/(-4) - (-27)/(-6). Suppose 4*z - 72 = -4. Let n = x + z. What are the prime factors of n?
11
Let q(m) be the third derivative of m**5/15 - 5*m**4/24 + 7*m**3/6 - 3*m**2. List the prime factors of q(3).
2, 7
Suppose 0 = -5*a + 13*a - 1016. List the prime factors of a.
127
Let o(m) be the first derivative of -5*m**2/2 - 3. Let d be o(-4). Suppose i = -3*i + d. List the prime factors of i.
5
What are the prime factors of 3/(6/(-4)) - -17?
3, 5
Suppose -3*a = -0*a - 78. Let o = -13 + a. What are the prime factors of o?
13
Let t = 444 + -134. What are the prime factors of t?
2, 5, 31
Suppose k - 110 = -5*d + 83, -3*k = 5*d - 199. What are the prime factors of d?
2, 19
Suppose -2*l + 32 = 2*l. Let h be l - 5 - (13 - 0). Let w(t) = -t**3 - 10*t**2 - 2*t - 9. What are the prime factors of w(h)?
11
Let x = 0 + 4. Suppose 0 = -x*u + 2*u + 32. List the prime factors of u.
2
Suppose -2*j 